{"id":18629,"date":"2024-05-18T00:39:23","date_gmt":"2024-05-17T22:39:23","guid":{"rendered":"https:\/\/hurt.wineport.pl\/?product=monte-dei-cocci-primitivo-di-manduria-d-o-p-oak-aged-075l"},"modified":"2024-05-18T00:39:23","modified_gmt":"2024-05-17T22:39:23","slug":"monte-dei-cocci-primitivo-di-manduria-d-o-p-oak-aged-075l","status":"publish","type":"product","link":"https:\/\/hurt.wineport.pl\/?product=monte-dei-cocci-primitivo-di-manduria-d-o-p-oak-aged-075l","title":{"rendered":"MONTE DEI COCCI Primitivo di Manduria D.O.P. oak aged 0,75L"},"content":{"rendered":"<p><span style=\"font-family: Monda;\">Tenuta Girolomo to ma\u0142y rodzinny producent win w Pugli posiadaj\u0105cy 50hektar\u00f3w winoro\u015bli i produkuj\u0105cy ok 300000 butelek rocznie. Winogrona do produkcji tego wina pochodz\u0105 z Mandurii. To Primitivo di Manduria dojrzewa przez ok 6 miesi\u0119cy w beczkach z d\u0119bu francuskiego nast\u0119pnie przez minimum 6 miesi\u0119cy w butelkach. Bukiet pe\u0142ny i osobliwy wyczuwalne aromaty sk\u00f3rek pomara\u0144czy, \u015bliwek i porzeczek z nutami czerwonego pieprzu i cynamonu. Na podniebieniu czu\u0107 dobre wywa\u017cenie aksamitno\u015b\u0107 i bardzo d\u0142ugi przyjemny i balsamiczny finisz.\u00a0<br \/><\/span>Wino\u00a0jest doskona\u0142ym towarzyszem dla mi\u0119s, da\u0144 kuchni w\u0142oskiej, w\u0119dlin, ser\u00f3w i ciemnej czekolady.<\/p>\n<p><span style=\"font-family: Monda;\">Serwowa\u0107 w temperaturze od 16C do 18C. Zawarto\u015b\u0107 alkoholu \u00a014%.<\/span><\/p><\/p>\n","protected":false},"excerpt":{"rendered":"<p><span style=\"font-family: Monda;\">Tenuta Girolomo to ma\u0142y rodzinny producent win w Pugli posiadaj\u0105cy 50hektar\u00f3w winoro\u015bli i produkuj\u0105cy ok 300000 butelek rocznie. Winogrona do produkcji tego wina pochodz\u0105 z Mandurii. To Primitivo di Manduria dojrzewa przez ok 6 miesi\u0119cy w beczkach z d\u0119bu francuskiego nast\u0119pnie przez minimum 6 miesi\u0119cy w butelkach. Bukiet pe\u0142ny i osobliwy wyczuwalne aromaty sk\u00f3rek pomara\u0144czy, \u015bliwek i porzeczek z nutami czerwonego pieprzu i cynamonu. Na podniebieniu czu\u0107 dobre wywa\u017cenie aksamitno\u015b\u0107 i bardzo d\u0142ugi przyjemny i balsamiczny finisz.\u00a0<br \/><\/span>Wino\u00a0jest doskona\u0142ym towarzyszem dla mi\u0119s, da\u0144 kuchni w\u0142oskiej, w\u0119dlin, ser\u00f3w i ciemnej czekolady.<\/p>\n<p><span style=\"font-family: Monda;\">Serwowa\u0107 w temperaturze od 16C do 18C. Zawarto\u015b\u0107 alkoholu \u00a014%.<\/span><\/p><\/p>\n","protected":false},"featured_media":18628,"comment_status":"open","ping_status":"closed","template":"","meta":[],"product_cat":[15],"product_tag":[],"class_list":{"0":"post-18629","1":"product","2":"type-product","3":"status-publish","4":"has-post-thumbnail","6":"product_cat-inne","8":"first","9":"instock","10":"sale","11":"shipping-taxable","12":"purchasable","13":"product-type-simple"},"_links":{"self":[{"href":"https:\/\/hurt.wineport.pl\/index.php?rest_route=\/wp\/v2\/product\/18629","targetHints":{"allow":["GET"]}}],"collection":[{"href":"https:\/\/hurt.wineport.pl\/index.php?rest_route=\/wp\/v2\/product"}],"about":[{"href":"https:\/\/hurt.wineport.pl\/index.php?rest_route=\/wp\/v2\/types\/product"}],"replies":[{"embeddable":true,"href":"https:\/\/hurt.wineport.pl\/index.php?rest_route=%2Fwp%2Fv2%2Fcomments&post=18629"}],"wp:featuredmedia":[{"embeddable":true,"href":"https:\/\/hurt.wineport.pl\/index.php?rest_route=\/wp\/v2\/media\/18628"}],"wp:attachment":[{"href":"https:\/\/hurt.wineport.pl\/index.php?rest_route=%2Fwp%2Fv2%2Fmedia&parent=18629"}],"wp:term":[{"taxonomy":"product_cat","embeddable":true,"href":"https:\/\/hurt.wineport.pl\/index.php?rest_route=%2Fwp%2Fv2%2Fproduct_cat&post=18629"},{"taxonomy":"product_tag","embeddable":true,"href":"https:\/\/hurt.wineport.pl\/index.php?rest_route=%2Fwp%2Fv2%2Fproduct_tag&post=18629"}],"curies":[{"name":"wp","href":"https:\/\/api.w.org\/{rel}","templated":true}]}}