{"id":18665,"date":"2024-05-18T00:39:34","date_gmt":"2024-05-17T22:39:34","guid":{"rendered":"https:\/\/hurt.wineport.pl\/?product=kartonik-okolicznosciowy-na-1-butelke-wina-basic-minimalne-zamowienie-20sztuk"},"modified":"2024-05-18T00:39:34","modified_gmt":"2024-05-17T22:39:34","slug":"kartonik-okolicznosciowy-na-1-butelke-wina-basic-minimalne-zamowienie-20sztuk","status":"publish","type":"product","link":"https:\/\/hurt.wineport.pl\/?product=kartonik-okolicznosciowy-na-1-butelke-wina-basic-minimalne-zamowienie-20sztuk","title":{"rendered":"Kartonik okoliczno\u015bciowy na 1 butelke wina BASIC minimalne zam\u00f3wienie 20sztuk!"},"content":{"rendered":"<p><font color=\"#000000\"><font face=\"Times New Roman, serif\"><font size=\"2\">Opakowanie wykonane z tektury falistej, wymiary 77x77x330mm, czterowarstwowej, fali otwartej w gramaturze 560g\/m2, (fala na zewn\u0105trz) w kolorze naturalnym.<\/font><\/font><\/font><\/p>\n<p><font color=\"#000000\"><font face=\"Times New Roman, serif\"><font size=\"2\">Opakowanie jest mocne, sztywne i odporne na uderzenia.\u00a0<\/font><\/font><\/font><\/p>\n<p><font color=\"#000000\"><font face=\"Times New Roman, serif\"><font size=\"2\">Mo\u017cliwo\u015b\u0107 wypaleniem logo laserem cena zale\u017cna od ilo\u015bci<\/font><\/font><\/font><\/p>\n<p><strong>!!! UWAGA MINIMALNE ZAM\u00d3WIENIE 20 SZT !!!<\/strong><\/p>\n","protected":false},"excerpt":{"rendered":"<p><font color=\"#000000\"><font face=\"Times New Roman, serif\"><font size=\"2\">Opakowanie wykonane z tektury falistej, wymiary 77x77x330mm, czterowarstwowej, fali otwartej w gramaturze 560g\/m2, (fala na zewn\u0105trz) w kolorze naturalnym.<\/font><\/font><\/font><\/p>\n<p><font color=\"#000000\"><font face=\"Times New Roman, serif\"><font size=\"2\">Opakowanie jest mocne, sztywne i odporne na uderzenia.\u00a0<\/font><\/font><\/font><\/p>\n<p>\u00a0Mo\u017cliwo\u015b\u0107 wypaleniem logo laserem cena zale\u017cna od ilo\u015bci<\/p>\n<p><strong>!!! UWAGA MINIMALNE ZAM\u00d3WIENIE 20 SZT !!!<\/strong><\/p>\n","protected":false},"featured_media":18664,"comment_status":"open","ping_status":"closed","template":"","meta":[],"product_cat":[15],"product_tag":[],"class_list":{"0":"post-18665","1":"product","2":"type-product","3":"status-publish","4":"has-post-thumbnail","6":"product_cat-inne","8":"first","9":"instock","10":"shipping-taxable","11":"purchasable","12":"product-type-simple"},"_links":{"self":[{"href":"https:\/\/hurt.wineport.pl\/index.php?rest_route=\/wp\/v2\/product\/18665","targetHints":{"allow":["GET"]}}],"collection":[{"href":"https:\/\/hurt.wineport.pl\/index.php?rest_route=\/wp\/v2\/product"}],"about":[{"href":"https:\/\/hurt.wineport.pl\/index.php?rest_route=\/wp\/v2\/types\/product"}],"replies":[{"embeddable":true,"href":"https:\/\/hurt.wineport.pl\/index.php?rest_route=%2Fwp%2Fv2%2Fcomments&post=18665"}],"wp:featuredmedia":[{"embeddable":true,"href":"https:\/\/hurt.wineport.pl\/index.php?rest_route=\/wp\/v2\/media\/18664"}],"wp:attachment":[{"href":"https:\/\/hurt.wineport.pl\/index.php?rest_route=%2Fwp%2Fv2%2Fmedia&parent=18665"}],"wp:term":[{"taxonomy":"product_cat","embeddable":true,"href":"https:\/\/hurt.wineport.pl\/index.php?rest_route=%2Fwp%2Fv2%2Fproduct_cat&post=18665"},{"taxonomy":"product_tag","embeddable":true,"href":"https:\/\/hurt.wineport.pl\/index.php?rest_route=%2Fwp%2Fv2%2Fproduct_tag&post=18665"}],"curies":[{"name":"wp","href":"https:\/\/api.w.org\/{rel}","templated":true}]}}