{"id":19496,"date":"2024-05-25T02:39:35","date_gmt":"2024-05-25T00:39:35","guid":{"rendered":"https:\/\/hurt.wineport.pl\/?product=pizzo-rosso-primitivo-i-g-p-salento-075l-2"},"modified":"2024-05-29T17:06:52","modified_gmt":"2024-05-29T15:06:52","slug":"pizzo-rosso-primitivo-i-g-p-salento-075l-2","status":"publish","type":"product","link":"https:\/\/hurt.wineport.pl\/?product=pizzo-rosso-primitivo-i-g-p-salento-075l-2","title":{"rendered":"PIZZO ROSSO Primitivo I.G.P. Salento 0,75L"},"content":{"rendered":"<p style=\"font-size: 12px; font-family: Lato;\"><span style=\"font-family: Monda;\">Tenuta Girolomo to ma\u0142y rodzinny producent win w Pugli posiadaj\u0105cy 50 hektar\u00f3w winoro\u015bli i produkuj\u0105cy ok 300000 butelek rocznie. Winogrona do produkcji tego wina pochodz\u0105 z doliny Itria ok 450m nad poziomem morza. Primitivo Pizzo Rosso doj\u017cewa prze ok 18 miesi\u0119cy w beczkach z d\u0119bu francuskiego i ameryka\u0144skiego nast\u0119pnie przez minimum 6 miesi\u0119cy w butelkach.\u00a0Wyczuwalne nuty wi\u015bniowego likieru, jag\u00f3d i \u015bliwek po\u0142\u0105czone z korzennymi nutami wanilii i ga\u0142ki muszkata\u0142 oraz s\u0142odkich zapach\u00f3w gorzkiej czekolady. Wino idealnie komponuje si\u0119 do dojrzewaj\u0105cych w\u0119dlin i ser\u00f3w z regionu Puglia. Serwowa\u0107 w temperaturze od 16C do 18C. Zawarto\u015b\u0107 alkoholu \u00a014%.<\/span><\/p>\n<p style=\"font-size: 12px; font-family: Lato;\"><span style=\"font-family: Monda;\"><a style=\"color: #231f20; font-family: Lato;\" href=\"http:\/\/www.tenutegirolamo.it\/\">http:\/\/www.tenutegirolamo.it<\/a>\u00a0<\/span><\/p>\n<p style=\"font-size: 12px; font-family: Lato;\"><span style=\"font-family: Monda;\">Nagrody:\u00a0<\/span><\/p>\n<p style=\"font-size: 12px; font-family: Lato;\"><span style=\"font-family: Monda;\"><a style=\"color: #231f20; font-family: Lato;\" href=\"http:\/\/www.tenutegirolamo.it\/wine-spectator\/\">http:\/\/www.tenutegirolamo.it\/wine-spectator\/<\/a><\/span><\/p>\n<p style=\"font-size: 12px; font-family: Lato;\"><span style=\"font-family: Monda;\"><a style=\"color: #231f20; font-family: Lato;\" href=\"http:\/\/www.tenutegirolamo.it\/mundus.vini\/\">http:\/\/www.tenutegirolamo.it\/mundus.vini\/<\/a><\/span><\/p>\n<p style=\"font-size: 12px; font-family: Lato;\"><span style=\"font-family: Monda;\"><a style=\"color: #231f20; font-family: Lato;\" href=\"http:\/\/www.tenutegirolamo.it\/decanter-world-wine-awards\/\">http:\/\/www.tenutegirolamo.it\/decanter-world-wine-awards\/<\/a><\/span><\/p>\n<p style=\"font-size: 12px; font-family: Lato;\"><span style=\"font-family: Monda;\"><a style=\"color: #231f20; font-family: Lato;\" href=\"http:\/\/www.tenutegirolamo.it\/decanter-asia-wine-awards\/\">http:\/\/www.tenutegirolamo.it\/decanter-asia-wine-awards\/<\/a><\/span><\/p>\n<p style=\"font-size: 12px; font-family: Lato;\"><span style=\"font-family: Monda;\"><a style=\"color: #231f20; font-family: Lato;\" href=\"http:\/\/www.tenutegirolamo.it\/berliner-wein-trophy\/\">http:\/\/www.tenutegirolamo.it\/berliner-wein-trophy\/<\/a><\/span><\/p>\n<p style=\"font-size: 12px; font-family: Lato;\">\u00a0<\/p>\n","protected":false},"excerpt":{"rendered":"<p style=\"font-size: 12px; font-family: Lato;\"><span style=\"font-family: Monda;\">Tenuta Girolomo to ma\u0142y rodzinny producent win w Pugli posiadaj\u0105cy 50 hektar\u00f3w winoro\u015bli i produkuj\u0105cy ok 300000 butelek rocznie. Winogrona do produkcji tego wina pochodz\u0105 z doliny Itria ok 450m nad poziomem morza. Primitivo Pizzo Rosso doj\u017cewa prze ok 18 miesi\u0119cy w beczkach z d\u0119bu francuskiego i ameryka\u0144skiego nast\u0119pnie przez minimum 6 miesi\u0119cy w butelkach.\u00a0Wyczuwalne nuty wi\u015bniowego likieru, jag\u00f3d i \u015bliwek po\u0142\u0105czone z korzennymi nutami wanilii i ga\u0142ki muszkata\u0142 oraz s\u0142odkich zapach\u00f3w gorzkiej czekolady. Wino idealnie komponuje si\u0119 do dojrzewaj\u0105cych w\u0119dlin i ser\u00f3w z regionu Puglia. Serwowa\u0107 w temperaturze od 16C do 18C. Zawarto\u015b\u0107 alkoholu \u00a014%.<\/span><\/p>\n<p style=\"font-size: 12px; font-family: Lato;\"><span style=\"font-family: Monda;\"><a style=\"color: #231f20; font-family: Lato;\" href=\"http:\/\/www.tenutegirolamo.it\/\">http:\/\/www.tenutegirolamo.it<\/a>\u00a0<\/span><\/p>\n<p style=\"font-size: 12px; font-family: Lato;\"><span style=\"font-family: Monda;\">Nagrody:\u00a0<\/span><\/p>\n<p style=\"font-size: 12px; font-family: Lato;\"><span style=\"font-family: Monda;\"><a style=\"color: #231f20; font-family: Lato;\" href=\"http:\/\/www.tenutegirolamo.it\/wine-spectator\/\">http:\/\/www.tenutegirolamo.it\/wine-spectator\/<\/a><\/span><\/p>\n<p style=\"font-size: 12px; font-family: Lato;\"><span style=\"font-family: Monda;\"><a style=\"color: #231f20; font-family: Lato;\" href=\"http:\/\/www.tenutegirolamo.it\/mundus.vini\/\">http:\/\/www.tenutegirolamo.it\/mundus.vini\/<\/a><\/span><\/p>\n<p style=\"font-size: 12px; font-family: Lato;\"><span style=\"font-family: Monda;\"><a style=\"color: #231f20; font-family: Lato;\" href=\"http:\/\/www.tenutegirolamo.it\/decanter-world-wine-awards\/\">http:\/\/www.tenutegirolamo.it\/decanter-world-wine-awards\/<\/a><\/span><\/p>\n<p style=\"font-size: 12px; font-family: Lato;\"><span style=\"font-family: Monda;\"><a style=\"color: #231f20; font-family: Lato;\" href=\"http:\/\/www.tenutegirolamo.it\/decanter-asia-wine-awards\/\">http:\/\/www.tenutegirolamo.it\/decanter-asia-wine-awards\/<\/a><\/span><\/p>\n<p style=\"font-size: 12px; font-family: Lato;\"><span style=\"font-family: Monda;\"><a style=\"color: #231f20; font-family: Lato;\" href=\"http:\/\/www.tenutegirolamo.it\/berliner-wein-trophy\/\">http:\/\/www.tenutegirolamo.it\/berliner-wein-trophy\/<\/a><\/span><\/p>\n<p style=\"font-size: 12px; font-family: Lato;\">\u00a0<\/p>\n","protected":false},"featured_media":18637,"comment_status":"open","ping_status":"closed","template":"","meta":[],"product_cat":[15,281,274,280],"product_tag":[],"class_list":{"0":"post-19496","1":"product","2":"type-product","3":"status-publish","4":"has-post-thumbnail","6":"product_cat-inne","7":"product_cat-wina","8":"product_cat-wlochy","9":"product_cat-puglia","11":"first","12":"instock","13":"sale","14":"shipping-taxable","15":"purchasable","16":"product-type-simple"},"_links":{"self":[{"href":"https:\/\/hurt.wineport.pl\/index.php?rest_route=\/wp\/v2\/product\/19496","targetHints":{"allow":["GET"]}}],"collection":[{"href":"https:\/\/hurt.wineport.pl\/index.php?rest_route=\/wp\/v2\/product"}],"about":[{"href":"https:\/\/hurt.wineport.pl\/index.php?rest_route=\/wp\/v2\/types\/product"}],"replies":[{"embeddable":true,"href":"https:\/\/hurt.wineport.pl\/index.php?rest_route=%2Fwp%2Fv2%2Fcomments&post=19496"}],"wp:featuredmedia":[{"embeddable":true,"href":"https:\/\/hurt.wineport.pl\/index.php?rest_route=\/wp\/v2\/media\/18637"}],"wp:attachment":[{"href":"https:\/\/hurt.wineport.pl\/index.php?rest_route=%2Fwp%2Fv2%2Fmedia&parent=19496"}],"wp:term":[{"taxonomy":"product_cat","embeddable":true,"href":"https:\/\/hurt.wineport.pl\/index.php?rest_route=%2Fwp%2Fv2%2Fproduct_cat&post=19496"},{"taxonomy":"product_tag","embeddable":true,"href":"https:\/\/hurt.wineport.pl\/index.php?rest_route=%2Fwp%2Fv2%2Fproduct_tag&post=19496"}],"curies":[{"name":"wp","href":"https:\/\/api.w.org\/{rel}","templated":true}]}}