{"id":19619,"date":"2024-05-25T03:56:34","date_gmt":"2024-05-25T01:56:34","guid":{"rendered":"https:\/\/hurt.wineport.pl\/?product=cignale-supertoscan-castello-di-querceto-czerwone-wytrawne-075l-2"},"modified":"2024-05-29T16:57:48","modified_gmt":"2024-05-29T14:57:48","slug":"cignale-supertoscan-castello-di-querceto-czerwone-wytrawne-075l-2","status":"publish","type":"product","link":"https:\/\/hurt.wineport.pl\/?product=cignale-supertoscan-castello-di-querceto-czerwone-wytrawne-075l-2","title":{"rendered":"Cignale Supertoscan Castello Di Querceto czerwone wytrawne 0,75L"},"content":{"rendered":"<p>Apelacja: IGT Colli della Toscana Centrale<br \/>Odmiany winogron: Cabernet Sauvignon 90%, Merlot 10%<br \/>Winnica: &#8211; Lokalizacja: 4 ha, po\u0142udniowy \/ po\u0142udniowy wsch\u00f3d, 490-520 m. a.s.l. &#8211; g\u0119sto\u015b\u0107 sadzenia: 7.500 ro\u015blin na hektar<br \/>Fermentacja: oko\u0142o 20 dni w 28 \u00b0 C<br \/>Starzenie: co najmniej 18 miesi\u0119cy w drewnie &#8211; Wyrafinowanie: w butelce przez co najmniej 6 miesi\u0119cy<br \/>Alkohol: oko\u0142o 13,5%<br \/>Potencja\u0142 starzenia: 20\/25 lat<br \/>Profil wina: bardzo g\u0142\u0119boki rubinowo czerwony, elegancki i dobrze zbudowany. Zapach czerwonych owoc\u00f3w i typowe nuty pr\u00f3chnicy. Ma\u0142a nuta balsamiczna, kt\u00f3ra przechodzi w sosn\u0119. W ustach pe\u0142ne, ale aksamitne i wywa\u017cone taniny<br \/>\u0141\u0105czenie z potrawami: sery, dziczyzna<\/p>\n","protected":false},"excerpt":{"rendered":"<p>Apelacja: IGT Colli della Toscana Centrale<br \/>Odmiany winogron: Cabernet Sauvignon 90%, Merlot 10%<br \/>Winnica: &#8211; Lokalizacja: 4 ha, po\u0142udniowy \/ po\u0142udniowy wsch\u00f3d, 490-520 m. a.s.l. &#8211; g\u0119sto\u015b\u0107 sadzenia: 7.500 ro\u015blin na hektar<br \/>Fermentacja: oko\u0142o 20 dni w 28 \u00b0 C<br \/>Starzenie: co najmniej 18 miesi\u0119cy w drewnie &#8211; Wyrafinowanie: w butelce przez co najmniej 6 miesi\u0119cy<br \/>Alkohol: oko\u0142o 13,5%<br \/>Potencja\u0142 starzenia: 20\/25 lat<br \/>Profil wina: bardzo g\u0142\u0119boki rubinowo czerwony, elegancki i dobrze zbudowany. Zapach czerwonych owoc\u00f3w i typowe nuty pr\u00f3chnicy. Ma\u0142a nuta balsamiczna, kt\u00f3ra przechodzi w sosn\u0119. W ustach pe\u0142ne, ale aksamitne i wywa\u017cone taniny<br \/>\u0141\u0105czenie z potrawami: sery, dziczyzna<\/p>\n","protected":false},"featured_media":19006,"comment_status":"open","ping_status":"closed","template":"","meta":[],"product_cat":[313,15,281,274],"product_tag":[],"class_list":{"0":"post-19619","1":"product","2":"type-product","3":"status-publish","4":"has-post-thumbnail","6":"product_cat-toskana","7":"product_cat-inne","8":"product_cat-wina","9":"product_cat-wlochy","11":"first","12":"instock","13":"sale","14":"shipping-taxable","15":"purchasable","16":"product-type-simple"},"_links":{"self":[{"href":"https:\/\/hurt.wineport.pl\/index.php?rest_route=\/wp\/v2\/product\/19619","targetHints":{"allow":["GET"]}}],"collection":[{"href":"https:\/\/hurt.wineport.pl\/index.php?rest_route=\/wp\/v2\/product"}],"about":[{"href":"https:\/\/hurt.wineport.pl\/index.php?rest_route=\/wp\/v2\/types\/product"}],"replies":[{"embeddable":true,"href":"https:\/\/hurt.wineport.pl\/index.php?rest_route=%2Fwp%2Fv2%2Fcomments&post=19619"}],"wp:featuredmedia":[{"embeddable":true,"href":"https:\/\/hurt.wineport.pl\/index.php?rest_route=\/wp\/v2\/media\/19006"}],"wp:attachment":[{"href":"https:\/\/hurt.wineport.pl\/index.php?rest_route=%2Fwp%2Fv2%2Fmedia&parent=19619"}],"wp:term":[{"taxonomy":"product_cat","embeddable":true,"href":"https:\/\/hurt.wineport.pl\/index.php?rest_route=%2Fwp%2Fv2%2Fproduct_cat&post=19619"},{"taxonomy":"product_tag","embeddable":true,"href":"https:\/\/hurt.wineport.pl\/index.php?rest_route=%2Fwp%2Fv2%2Fproduct_tag&post=19619"}],"curies":[{"name":"wp","href":"https:\/\/api.w.org\/{rel}","templated":true}]}}