{"id":19626,"date":"2024-05-25T03:56:34","date_gmt":"2024-05-25T01:56:34","guid":{"rendered":"https:\/\/hurt.wineport.pl\/?product=wino-riesling-spatlese-biale-wytrawne-075l-2"},"modified":"2024-06-07T12:03:23","modified_gmt":"2024-06-07T10:03:23","slug":"wino-riesling-spatlese-biale-wytrawne-075l-2","status":"publish","type":"product","link":"https:\/\/hurt.wineport.pl\/?product=wino-riesling-spatlese-biale-wytrawne-075l-2","title":{"rendered":"Wino Riesling Sp\u00e4tlese bia\u0142e wytrawne 0,75L"},"content":{"rendered":"<p>Winnica Rudi R\u00fcttger zosta\u0142a za\u0142o\u017cona w 1643r.<\/p>\n<p>Vintage: 2017<br \/>Region: Pfalz<br \/>Alkohol: 12,5% obj<br \/>Kolor: blado\u017c\u00f3\u0142to-zielony<br \/>Smak: Dojrza\u0142y aromat brzoskwi\u0144, nuta jab\u0142ka,<br \/>wspierany przez delikatne zio\u0142owe nuty.<br \/>Smak: elegancki, subtelny-s\u0142ony. Dobrze zbalansowana kwasowo\u015b\u0107.<br \/>Temperatura serwowania: 9-11 \u00b0 C<br \/>Dobrze \u0142\u0105czy si\u0119 z: Ryby lub pikantne dania azjatyckie.<br \/>Stare winoro\u015ble na wapieniu i piaszczystej glebie gliniastej.<br \/>5 godzin maceracji, 3-tygodniowa fermentacja<br \/>w 16 \u00b0 C, 100% winifikacji ze stali nierdzewnej.<br \/>Potencja\u0142 starzenia: 2020 r.<\/p>\n","protected":false},"excerpt":{"rendered":"<p>Winnica Rudi R\u00fcttger zosta\u0142a za\u0142o\u017cona w 1643r.<\/p>\n<p>Vintage: 2017<br \/>Region: Pfalz<br \/>Alkohol: 12,5% obj<br \/>Kolor: blado\u017c\u00f3\u0142to-zielony<br \/>Smak: Dojrza\u0142y aromat brzoskwi\u0144, nuta jab\u0142ka,<br \/>wspierany przez delikatne zio\u0142owe nuty.<br \/>Smak: elegancki, subtelny-s\u0142ony. Dobrze zbalansowana kwasowo\u015b\u0107.<br \/>Temperatura serwowania: 9-11 \u00b0 C<br \/>Dobrze \u0142\u0105czy si\u0119 z: Ryby lub pikantne dania azjatyckie.<br \/>Stare winoro\u015ble na wapieniu i piaszczystej glebie gliniastej.<br \/>5 godzin maceracji, 3-tygodniowa fermentacja<br \/>w 16 \u00b0 C, 100% winifikacji ze stali nierdzewnej.<br \/>Potencja\u0142 starzenia: 2020 r.<\/p>\n","protected":false},"featured_media":19027,"comment_status":"open","ping_status":"closed","template":"","meta":[],"product_cat":[15,281,290],"product_tag":[],"class_list":{"0":"post-19626","1":"product","2":"type-product","3":"status-publish","4":"has-post-thumbnail","6":"product_cat-inne","7":"product_cat-wina","8":"product_cat-niemcy","10":"first","11":"instock","12":"sale","13":"shipping-taxable","14":"purchasable","15":"product-type-simple"},"_links":{"self":[{"href":"https:\/\/hurt.wineport.pl\/index.php?rest_route=\/wp\/v2\/product\/19626","targetHints":{"allow":["GET"]}}],"collection":[{"href":"https:\/\/hurt.wineport.pl\/index.php?rest_route=\/wp\/v2\/product"}],"about":[{"href":"https:\/\/hurt.wineport.pl\/index.php?rest_route=\/wp\/v2\/types\/product"}],"replies":[{"embeddable":true,"href":"https:\/\/hurt.wineport.pl\/index.php?rest_route=%2Fwp%2Fv2%2Fcomments&post=19626"}],"wp:featuredmedia":[{"embeddable":true,"href":"https:\/\/hurt.wineport.pl\/index.php?rest_route=\/wp\/v2\/media\/19027"}],"wp:attachment":[{"href":"https:\/\/hurt.wineport.pl\/index.php?rest_route=%2Fwp%2Fv2%2Fmedia&parent=19626"}],"wp:term":[{"taxonomy":"product_cat","embeddable":true,"href":"https:\/\/hurt.wineport.pl\/index.php?rest_route=%2Fwp%2Fv2%2Fproduct_cat&post=19626"},{"taxonomy":"product_tag","embeddable":true,"href":"https:\/\/hurt.wineport.pl\/index.php?rest_route=%2Fwp%2Fv2%2Fproduct_tag&post=19626"}],"curies":[{"name":"wp","href":"https:\/\/api.w.org\/{rel}","templated":true}]}}