{"id":19658,"date":"2024-05-25T04:10:38","date_gmt":"2024-05-25T02:10:38","guid":{"rendered":"https:\/\/hurt.wineport.pl\/?product=wino-promesa-viura-d-o-c-rioja-075l-2"},"modified":"2024-05-29T16:30:48","modified_gmt":"2024-05-29T14:30:48","slug":"wino-promesa-viura-d-o-c-rioja-075l-2","status":"publish","type":"product","link":"https:\/\/hurt.wineport.pl\/?product=wino-promesa-viura-d-o-c-rioja-075l-2","title":{"rendered":"Wino Promesa Viura D.O.C. RIOJA 0,75L"},"content":{"rendered":"<p>Region: Rioja Alta i Rioja Alavesa producent posiada 2 posiad\u0142o\u015bci w tych regionach,\u00a0w\u0142a\u015bnie z region\u00f3w Rioja Alta i Rioja Alavesa\u00a0pochodz\u0105 wszystkie najlepsze wina z Rioja!<\/p>\n<p>Szczep: 100% Viura<\/p>\n<p>Zawarto\u015b\u0107 alkoholu: 12%<\/p>\n<p>Kolor:<\/p>\n<p>Jasny, klarowny, ctrynowy z zielonymi przeb\u0142yskami.\u00a0<\/p>\n<p>Zapach:<\/p>\n<p>\u015arednio-wysoka intensywno\u015b\u0107, aromaty kwiatowe, ananas, zielone jab\u0142ko i \u015bwie\u017co \u015bci\u0119te siano.<\/p>\n<p>Smak:<\/p>\n<p>\u015awie\u017ce i pe\u0142ne, jedwabi\u015bcie rozwijaj\u0105ce si\u0119 w ustach. D\u0142ugi finisz z bardzo orze\u017awiaj\u0105cym posmakiem.<\/p>\n<p>Nale\u017cy podawa\u0107 z:<\/p>\n<p>rybami, owocami morze i mi\u0119kkimi serami w szczeg\u00f3lno\u015bci. Dobrze pasuje r\u00f3wnie\u017c do zapiekanek makaronowych czy\u00a0ry\u017cu z warzywami.<\/p>\n","protected":false},"excerpt":{"rendered":"<p>Region: Rioja Alta i Rioja Alavesa producent posiada 2 posiad\u0142o\u015bci w tych regionach,\u00a0w\u0142a\u015bnie z region\u00f3w Rioja Alta i Rioja Alavesa\u00a0pochodz\u0105 wszystkie najlepsze wina z Rioja!<\/p>\n<p>Szczep: 100% Viura<\/p>\n<p>Zawarto\u015b\u0107 alkoholu: 12%<\/p>\n<p>Kolor:<\/p>\n<p>Jasny, klarowny, ctrynowy z zielonymi przeb\u0142yskami.\u00a0<\/p>\n<p>Zapach:<\/p>\n<p>\u015arednio-wysoka intensywno\u015b\u0107, aromaty kwiatowe, ananas, zielone jab\u0142ko i \u015bwie\u017co \u015bci\u0119te siano.<\/p>\n<p>Smak:<\/p>\n<p>\u015awie\u017ce i pe\u0142ne, jedwabi\u015bcie rozwijaj\u0105ce si\u0119 w ustach. D\u0142ugi finisz z bardzo orze\u017awiaj\u0105cym posmakiem.<\/p>\n<p>Nale\u017cy podawa\u0107 z:<\/p>\n<p>rybami, owocami morze i mi\u0119kkimi serami w szczeg\u00f3lno\u015bci. Dobrze pasuje r\u00f3wnie\u017c do zapiekanek makaronowych czy\u00a0ry\u017cu z warzywami.<\/p>\n","protected":false},"featured_media":19123,"comment_status":"open","ping_status":"closed","template":"","meta":[],"product_cat":[15,281,275,308],"product_tag":[],"class_list":{"0":"post-19658","1":"product","2":"type-product","3":"status-publish","4":"has-post-thumbnail","6":"product_cat-inne","7":"product_cat-wina","8":"product_cat-hiszpania","9":"product_cat-rioja","11":"first","12":"instock","13":"sale","14":"shipping-taxable","15":"purchasable","16":"product-type-simple"},"_links":{"self":[{"href":"https:\/\/hurt.wineport.pl\/index.php?rest_route=\/wp\/v2\/product\/19658","targetHints":{"allow":["GET"]}}],"collection":[{"href":"https:\/\/hurt.wineport.pl\/index.php?rest_route=\/wp\/v2\/product"}],"about":[{"href":"https:\/\/hurt.wineport.pl\/index.php?rest_route=\/wp\/v2\/types\/product"}],"replies":[{"embeddable":true,"href":"https:\/\/hurt.wineport.pl\/index.php?rest_route=%2Fwp%2Fv2%2Fcomments&post=19658"}],"wp:featuredmedia":[{"embeddable":true,"href":"https:\/\/hurt.wineport.pl\/index.php?rest_route=\/wp\/v2\/media\/19123"}],"wp:attachment":[{"href":"https:\/\/hurt.wineport.pl\/index.php?rest_route=%2Fwp%2Fv2%2Fmedia&parent=19658"}],"wp:term":[{"taxonomy":"product_cat","embeddable":true,"href":"https:\/\/hurt.wineport.pl\/index.php?rest_route=%2Fwp%2Fv2%2Fproduct_cat&post=19658"},{"taxonomy":"product_tag","embeddable":true,"href":"https:\/\/hurt.wineport.pl\/index.php?rest_route=%2Fwp%2Fv2%2Fproduct_tag&post=19658"}],"curies":[{"name":"wp","href":"https:\/\/api.w.org\/{rel}","templated":true}]}}