{"id":19684,"date":"2024-05-25T04:11:28","date_gmt":"2024-05-25T02:11:28","guid":{"rendered":"https:\/\/hurt.wineport.pl\/?product=oliwa-elizondo-gourmet-picual-500-ml-2"},"modified":"2024-06-07T13:58:42","modified_gmt":"2024-06-07T11:58:42","slug":"oliwa-elizondo-gourmet-picual-500-ml-2","status":"publish","type":"product","link":"https:\/\/hurt.wineport.pl\/?product=oliwa-elizondo-gourmet-picual-500-ml-2","title":{"rendered":"Oliwa Elizondo Gourmet Picual 500 ml"},"content":{"rendered":"<p>T\u0142oczona na zimno oliwa z oliwek Picual zbieranych w pa\u017adzierniku.<\/p>\n<p>Z\u0142otozielony kolor. W zapachu wybijaj\u0105 si\u0119 zielone owoce, da si\u0119 wyczu\u0107 nuty zielonych banan\u00f3w, jab\u0142ek i li\u015bci pomidora. W smaku \u015bwie\u017ca i zbalansowana, z migda\u0142owym posmakiem.<\/p>\n","protected":false},"excerpt":{"rendered":"<p>T\u0142oczona na zimno oliwa z oliwek Picual zbieranych w pa\u017adzierniku.<\/p>\n<p>Z\u0142otozielony kolor. W zapachu wybijaj\u0105 si\u0119 zielone owoce, da si\u0119 wyczu\u0107 nuty zielonych banan\u00f3w, jab\u0142ek i li\u015bci pomidora. W smaku \u015bwie\u017ca i zbalansowana, z migda\u0142owym posmakiem.<\/p>\n","protected":false},"featured_media":19201,"comment_status":"open","ping_status":"closed","template":"","meta":[],"product_cat":[15,282,286],"product_tag":[],"class_list":{"0":"post-19684","1":"product","2":"type-product","3":"status-publish","4":"has-post-thumbnail","6":"product_cat-inne","7":"product_cat-delikatesy","8":"product_cat-oliwa-z-oliwek","10":"first","11":"instock","12":"sale","13":"shipping-taxable","14":"purchasable","15":"product-type-simple"},"_links":{"self":[{"href":"https:\/\/hurt.wineport.pl\/index.php?rest_route=\/wp\/v2\/product\/19684","targetHints":{"allow":["GET"]}}],"collection":[{"href":"https:\/\/hurt.wineport.pl\/index.php?rest_route=\/wp\/v2\/product"}],"about":[{"href":"https:\/\/hurt.wineport.pl\/index.php?rest_route=\/wp\/v2\/types\/product"}],"replies":[{"embeddable":true,"href":"https:\/\/hurt.wineport.pl\/index.php?rest_route=%2Fwp%2Fv2%2Fcomments&post=19684"}],"wp:featuredmedia":[{"embeddable":true,"href":"https:\/\/hurt.wineport.pl\/index.php?rest_route=\/wp\/v2\/media\/19201"}],"wp:attachment":[{"href":"https:\/\/hurt.wineport.pl\/index.php?rest_route=%2Fwp%2Fv2%2Fmedia&parent=19684"}],"wp:term":[{"taxonomy":"product_cat","embeddable":true,"href":"https:\/\/hurt.wineport.pl\/index.php?rest_route=%2Fwp%2Fv2%2Fproduct_cat&post=19684"},{"taxonomy":"product_tag","embeddable":true,"href":"https:\/\/hurt.wineport.pl\/index.php?rest_route=%2Fwp%2Fv2%2Fproduct_tag&post=19684"}],"curies":[{"name":"wp","href":"https:\/\/api.w.org\/{rel}","templated":true}]}}