{"id":19990,"date":"2024-06-01T07:05:33","date_gmt":"2024-06-01T05:05:33","guid":{"rendered":"https:\/\/hurt.wineport.pl\/?product=wino-blaufrankisch-cz-w-075l-2"},"modified":"2024-06-07T12:03:21","modified_gmt":"2024-06-07T10:03:21","slug":"wino-blaufrankisch-cz-w-075l-2","status":"publish","type":"product","link":"https:\/\/hurt.wineport.pl\/?product=wino-blaufrankisch-cz-w-075l-2","title":{"rendered":"Wino Blaufr\u00e4nkisch cz\/w 0,75L"},"content":{"rendered":"<p>Winnica Rudi R\u00fcttger zosta\u0142a za\u0142o\u017cona w 1643r.<\/p>\n<p>Wino d\u0142ugo macerowane, fermentowane w temperaturze 27 \u00b0 Celsjusza.<br \/>Fermentowane malolaktycznie w betonowym zbiorniku.<br \/>3 lata\u00a0dojrzewania w d\u0119bowej beczce.<br \/>Pot\u0119\u017cna, wymagaj\u0105ca struktura garbnik\u00f3w.<br \/>W\u0119dzone, szorstkie nuty smakowe, z nut\u0105 dzikich jag\u00f3d.<br \/>Bardzo dobry potencja\u0142 starzenia do 2023 &#8211; 2024.<\/p>\n<p>Podawa\u0107 do pikantnych ser\u00f3w i ciemnego mi\u0119sa.<\/p>\n","protected":false},"excerpt":{"rendered":"<p>Winnica Rudi R\u00fcttger zosta\u0142a za\u0142o\u017cona w 1643r.<\/p>\n<p>Wino d\u0142ugo macerowane, fermentowane w temperaturze 27 \u00b0 Celsjusza.<br \/>Fermentowane malolaktycznie w betonowym zbiorniku.<br \/>3 lata\u00a0dojrzewania w d\u0119bowej beczce.<br \/>Pot\u0119\u017cna, wymagaj\u0105ca struktura garbnik\u00f3w.<br \/>W\u0119dzone, szorstkie nuty smakowe, z nut\u0105 dzikich jag\u00f3d.<br \/>Bardzo dobry potencja\u0142 starzenia do 2023 &#8211; 2024.<\/p>\n<p>Podawa\u0107 do pikantnych ser\u00f3w i ciemnego mi\u0119sa.<\/p>\n","protected":false},"featured_media":19012,"comment_status":"open","ping_status":"closed","template":"","meta":[],"product_cat":[15,281,290],"product_tag":[],"class_list":{"0":"post-19990","1":"product","2":"type-product","3":"status-publish","4":"has-post-thumbnail","6":"product_cat-inne","7":"product_cat-wina","8":"product_cat-niemcy","10":"first","11":"instock","12":"sale","13":"shipping-taxable","14":"purchasable","15":"product-type-simple"},"_links":{"self":[{"href":"https:\/\/hurt.wineport.pl\/index.php?rest_route=\/wp\/v2\/product\/19990","targetHints":{"allow":["GET"]}}],"collection":[{"href":"https:\/\/hurt.wineport.pl\/index.php?rest_route=\/wp\/v2\/product"}],"about":[{"href":"https:\/\/hurt.wineport.pl\/index.php?rest_route=\/wp\/v2\/types\/product"}],"replies":[{"embeddable":true,"href":"https:\/\/hurt.wineport.pl\/index.php?rest_route=%2Fwp%2Fv2%2Fcomments&post=19990"}],"wp:featuredmedia":[{"embeddable":true,"href":"https:\/\/hurt.wineport.pl\/index.php?rest_route=\/wp\/v2\/media\/19012"}],"wp:attachment":[{"href":"https:\/\/hurt.wineport.pl\/index.php?rest_route=%2Fwp%2Fv2%2Fmedia&parent=19990"}],"wp:term":[{"taxonomy":"product_cat","embeddable":true,"href":"https:\/\/hurt.wineport.pl\/index.php?rest_route=%2Fwp%2Fv2%2Fproduct_cat&post=19990"},{"taxonomy":"product_tag","embeddable":true,"href":"https:\/\/hurt.wineport.pl\/index.php?rest_route=%2Fwp%2Fv2%2Fproduct_tag&post=19990"}],"curies":[{"name":"wp","href":"https:\/\/api.w.org\/{rel}","templated":true}]}}