{"id":20063,"date":"2024-06-01T07:10:28","date_gmt":"2024-06-01T05:10:28","guid":{"rendered":"https:\/\/hurt.wineport.pl\/?product=chateau-le-gravillot-lalande-de-pomerol-aoc-brunot-estate-botled-2"},"modified":"2024-06-07T14:04:04","modified_gmt":"2024-06-07T12:04:04","slug":"chateau-le-gravillot-lalande-de-pomerol-aoc-brunot-estate-botled-2","status":"publish","type":"product","link":"https:\/\/hurt.wineport.pl\/?product=chateau-le-gravillot-lalande-de-pomerol-aoc-brunot-estate-botled-2","title":{"rendered":"Ch\u00e2teau Le Gravillot Lalande de Pomerol AOC BRUNOT ESTATE BOTLED"},"content":{"rendered":"<p>Wino posiada ciemny kolor, rubinowy. Bardzo wyrazisty nos, mocny i bogaty bukiet. Z czerwonymi jagodami, aromatami wanilii, tost\u00f3w, przypraw, kandyzowanych owoc\u00f3w i suszonych \u015bliwek. Po odpowiedniej dekantacji wino jest aksamitne i delikatne i bardzo przyst\u0119pne dla ka\u017cdego, pocz\u0105wszy od konesera winiarskiego sko\u0144czywszy na laiku.<\/p>\n<p>Wino idealnie komponuje si\u0119 ze szlachetn\u0105 wo\u0142owin\u0105, kaczk\u0105 i niebieskimi serami ale r\u00f3wnie\u017c z daniami z makaronem.<\/p>\n","protected":false},"excerpt":{"rendered":"<p>Wino posiada ciemny kolor, rubinowy. Bardzo wyrazisty nos, mocny i bogaty bukiet. Z czerwonymi jagodami, aromatami wanilii, tost\u00f3w, przypraw, kandyzowanych owoc\u00f3w i suszonych \u015bliwek. Po odpowiedniej dekantacji wino jest aksamitne i delikatne i bardzo przyst\u0119pne dla ka\u017cdego, pocz\u0105wszy od konesera winiarskiego sko\u0144czywszy na laiku.<\/p>\n<p>Wino idealnie komponuje si\u0119 ze szlachetn\u0105 wo\u0142owin\u0105, kaczk\u0105 i niebieskimi serami ale r\u00f3wnie\u017c z daniami z makaronem.<\/p>\n<p>Po\u0142o\u017cenie geograficzne i terroir: w pobli\u017cu zbiegu wyspy i Dordogne, i chronione od po\u0142udniowego zachodu kopcem Fronsac, Lalande de Pomerol znajduje si\u0119 pod wp\u0142ywem Oceanu Atlantyckiego po\u0142o\u017conego mniej ni\u017c 100 km na zach\u00f3d. W ten spos\u00f3b korzysta ze s\u0142onecznego klimatu z gor\u0105cymi, suchymi latami i \u0142agodnymi, bardziej wilgotnymi zimami, co bardzo sprzyja uprawie winoro\u015bli.<br \/>Winnica znajduje si\u0119 na wsch\u00f3d od Libourne, w miejscowo\u015bci N\u00e9ac, w przed\u0142u\u017ceniu presti\u017cowego Pomerol crus.<br \/>Gleba o \u017cwirowej strukturze zapewnia wczesne dojrzewanie winogron i daje pe\u0142ne wino o bardzo wyrazistych aromatach czerwonych owoc\u00f3w.<br \/>Winnica: najwi\u0119ksz\u0105 uwag\u0119 przyk\u0142ada si\u0119 do winnicy, dbaj\u0105c o usuwanie li\u015bci i &#8220;zielone zbiory&#8221; w celu uzyskania bardzo zdrowych winogron, a co za tym idzie, wspania\u0142ego wina.<\/p>\n<p>Powierzchnia: o powierzchni oko\u0142o 1,10 ha.<\/p>\n<p>Winifikacja: Panowie BRUNOT et Fils, enolodzy, przyk\u0142adaj\u0105 szczeg\u00f3ln\u0105 wag\u0119 do winifikacji, w szczeg\u00f3lno\u015bci poprzez kontrol\u0119 temperatury fermentacji.<br \/>Starzenie: oko\u0142o 15 miesi\u0119cy w nowych beczkach d\u0119bowych<\/p>\n<p>Wino produkowane jest w 100% Merlot kt\u00f3ry daje kr\u0105g\u0142o\u015b\u0107 i finezj\u0119, a zarazem szerok\u0105 palet\u0119 aromatyczn\u0105,<br \/>Produkcja tylko oko\u0142o 7000 butelek rocznie<\/p>\n","protected":false},"featured_media":19231,"comment_status":"open","ping_status":"closed","template":"","meta":[],"product_cat":[15,276,306],"product_tag":[],"class_list":{"0":"post-20063","1":"product","2":"type-product","3":"status-publish","4":"has-post-thumbnail","6":"product_cat-inne","7":"product_cat-francja","8":"product_cat-bordeux","10":"first","11":"instock","12":"sale","13":"shipping-taxable","14":"purchasable","15":"product-type-simple"},"_links":{"self":[{"href":"https:\/\/hurt.wineport.pl\/index.php?rest_route=\/wp\/v2\/product\/20063","targetHints":{"allow":["GET"]}}],"collection":[{"href":"https:\/\/hurt.wineport.pl\/index.php?rest_route=\/wp\/v2\/product"}],"about":[{"href":"https:\/\/hurt.wineport.pl\/index.php?rest_route=\/wp\/v2\/types\/product"}],"replies":[{"embeddable":true,"href":"https:\/\/hurt.wineport.pl\/index.php?rest_route=%2Fwp%2Fv2%2Fcomments&post=20063"}],"wp:featuredmedia":[{"embeddable":true,"href":"https:\/\/hurt.wineport.pl\/index.php?rest_route=\/wp\/v2\/media\/19231"}],"wp:attachment":[{"href":"https:\/\/hurt.wineport.pl\/index.php?rest_route=%2Fwp%2Fv2%2Fmedia&parent=20063"}],"wp:term":[{"taxonomy":"product_cat","embeddable":true,"href":"https:\/\/hurt.wineport.pl\/index.php?rest_route=%2Fwp%2Fv2%2Fproduct_cat&post=20063"},{"taxonomy":"product_tag","embeddable":true,"href":"https:\/\/hurt.wineport.pl\/index.php?rest_route=%2Fwp%2Fv2%2Fproduct_tag&post=20063"}],"curies":[{"name":"wp","href":"https:\/\/api.w.org\/{rel}","templated":true}]}}