{"id":36495,"date":"2025-05-04T06:48:00","date_gmt":"2025-05-04T04:48:00","guid":{"rendered":"https:\/\/hurt.wineport.pl\/?product=wino-sensi-chianti-reserva-docg-2001-czerwone-wytrawne-075l-49"},"modified":"2025-05-04T06:48:00","modified_gmt":"2025-05-04T04:48:00","slug":"wino-sensi-chianti-reserva-docg-2001-czerwone-wytrawne-075l-49","status":"publish","type":"product","link":"https:\/\/hurt.wineport.pl\/?product=wino-sensi-chianti-reserva-docg-2001-czerwone-wytrawne-075l-49","title":{"rendered":"Wino SENSI Chianti Reserva DOCG 2001 &#8211; Czerwone Wytrawne 0,75L"},"content":{"rendered":"<p><font face=\"Times New Roman, serif\"><font size=\"2\"><font color=\"#000000\">Chianti Riserva<br \/>Wino Chianti Riserva wytwarza si\u0119 z winogron Sangiovese i Canaiolo zgodnie z tradycyjnymi toska\u0144skimi recepturami. Dojrzewa przez dwa lata w beczkach d\u0119bowych, nast\u0119pnie le\u017cakuje w butelkach przez 3 miesi\u0105ce. Posiada g\u0142\u0119bok\u0105 czerwono-rubinow\u0105 barw\u0119. Wyr\u00f3\u017cnia je intensywny, elegancki i sugestywny bukiet. W smaku szerokie i tre\u015bciwe, a zarazem bardzo dojrza\u0142e wino, z przyjemnymi zbalansowanymi taninami i d\u0142ugim finiszem, kt\u00f3ry podkre\u015bla wielko\u015b\u0107 tego wspania\u0142ego wina. Idealnie komponuje si\u0119 do wszelkiego rodzaju mi\u0119s, od prostego befsztyku po najbardziej wyrafinowane dania z dziczyzny. Doskona\u0142e do ser\u00f3w. Najlepiej podawa\u0107 w temperaturze 18\u00baC. <\/font><\/font><\/font><\/p>\n","protected":false},"excerpt":{"rendered":"<p><font face=\"Times New Roman, serif\"><font size=\"2\"><font color=\"#000000\">Chianti Riserva<br \/>Wino Chianti Riserva wytwarza si\u0119 z winogron Sangiovese i Canaiolo zgodnie z tradycyjnymi toska\u0144skimi recepturami. Dojrzewa przez dwa lata w beczkach d\u0119bowych, nast\u0119pnie le\u017cakuje w butelkach przez 3 miesi\u0105ce. Posiada g\u0142\u0119bok\u0105 czerwono-rubinow\u0105 barw\u0119. Wyr\u00f3\u017cnia je intensywny, elegancki i sugestywny bukiet. W smaku szerokie i tre\u015bciwe, a zarazem bardzo dojrza\u0142e wino, z przyjemnymi zbalansowanymi taninami i d\u0142ugim finiszem, kt\u00f3ry podkre\u015bla wielko\u015b\u0107 tego wspania\u0142ego wina. Idealnie komponuje si\u0119 do wszelkiego rodzaju mi\u0119s, od prostego befsztyku po najbardziej wyrafinowane dania z dziczyzny. Doskona\u0142e do ser\u00f3w. Najlepiej podawa\u0107 w temperaturze 18\u00baC. <\/font><\/font><\/font><\/p>\n","protected":false},"featured_media":18823,"comment_status":"open","ping_status":"closed","template":"","meta":[],"product_cat":[15],"product_tag":[],"class_list":{"0":"post-36495","1":"product","2":"type-product","3":"status-publish","4":"has-post-thumbnail","6":"product_cat-inne","8":"first","9":"instock","10":"shipping-taxable","11":"purchasable","12":"product-type-simple"},"_links":{"self":[{"href":"https:\/\/hurt.wineport.pl\/index.php?rest_route=\/wp\/v2\/product\/36495","targetHints":{"allow":["GET"]}}],"collection":[{"href":"https:\/\/hurt.wineport.pl\/index.php?rest_route=\/wp\/v2\/product"}],"about":[{"href":"https:\/\/hurt.wineport.pl\/index.php?rest_route=\/wp\/v2\/types\/product"}],"replies":[{"embeddable":true,"href":"https:\/\/hurt.wineport.pl\/index.php?rest_route=%2Fwp%2Fv2%2Fcomments&post=36495"}],"wp:featuredmedia":[{"embeddable":true,"href":"https:\/\/hurt.wineport.pl\/index.php?rest_route=\/wp\/v2\/media\/18823"}],"wp:attachment":[{"href":"https:\/\/hurt.wineport.pl\/index.php?rest_route=%2Fwp%2Fv2%2Fmedia&parent=36495"}],"wp:term":[{"taxonomy":"product_cat","embeddable":true,"href":"https:\/\/hurt.wineport.pl\/index.php?rest_route=%2Fwp%2Fv2%2Fproduct_cat&post=36495"},{"taxonomy":"product_tag","embeddable":true,"href":"https:\/\/hurt.wineport.pl\/index.php?rest_route=%2Fwp%2Fv2%2Fproduct_tag&post=36495"}],"curies":[{"name":"wp","href":"https:\/\/api.w.org\/{rel}","templated":true}]}}