{"id":40965,"date":"2025-08-03T10:34:30","date_gmt":"2025-08-03T08:34:30","guid":{"rendered":"https:\/\/hurt.wineport.pl\/?product=wino-gato-negro-semi-sweet-white-biale-polslodkie-075l-62"},"modified":"2025-08-03T10:34:30","modified_gmt":"2025-08-03T08:34:30","slug":"wino-gato-negro-semi-sweet-white-biale-polslodkie-075l-62","status":"publish","type":"product","link":"https:\/\/hurt.wineport.pl\/?product=wino-gato-negro-semi-sweet-white-biale-polslodkie-075l-62","title":{"rendered":"Wino Gato Negro Semi Sweet white- bia\u0142e p\u00f3\u0142s\u0142odkie 0,75L"},"content":{"rendered":"<p><font color=\"#000000\"><font face=\"Times New Roman, serif\"><font size=\"2\">Wino Gato Negro semi sweet white to przyjazne wino o przyjemnej, jasno\u017c\u00f3\u0142tej barwie z zielonymi refleksami. Odznacza si\u0119 intensywnym aromatem \u015bwie\u017cych owoc\u00f3w tropikalnych oraz zaokr\u0105glonym i s\u0142odkim, d\u0142ugotrwa\u0142ym zako\u0144czeniem.\u00a0<br \/>Najlepiej smakuje w towarzystwie deser\u00f3w owocowych, ser\u00f3w ple\u015bniowych typu Roquefort oraz suszonych owoc\u00f3w.<\/p>\n<p>Serwowa\u0107 w temperaturze 10oC<\/font><\/font><\/font><\/p>\n<p><font color=\"#000000\"><font face=\"Times New Roman, serif\"><font size=\"2\">Producent wina Gato Vina San Pedro otrzyma\u0142 presti\u017cow\u0105 nagrod\u0119 w 2011 roku jako najlepsza winiarnia z ca\u0142ego nowego \u015bwiata &#8220;New World Winery of the Year 2011&#8221; poni\u017cej filmik na youtube.<\/font><\/font><\/font><\/p>\n<p><font color=\"#000000\"><font face=\"Times New Roman, serif\"><font size=\"2\">http:\/\/www.youtube.com\/watch?v=RlkNyIfTbcE<\/font><\/font><\/font><\/p><\/p>\n","protected":false},"excerpt":{"rendered":"<p><font color=\"#000000\"><font face=\"Times New Roman, serif\"><font size=\"2\">Wino Gato Negro semi sweet white to przyjazne wino o przyjemnej, jasno\u017c\u00f3\u0142tej barwie z zielonymi refleksami. Odznacza si\u0119 intensywnym aromatem \u015bwie\u017cych owoc\u00f3w tropikalnych oraz zaokr\u0105glonym i s\u0142odkim, d\u0142ugotrwa\u0142ym zako\u0144czeniem.\u00a0<br \/>Najlepiej smakuje w towarzystwie deser\u00f3w owocowych, ser\u00f3w ple\u015bniowych typu Roquefort oraz suszonych owoc\u00f3w.<\/p>\n<p>Serwowa\u0107 w temperaturze 10oC<\/font><\/font><\/font><\/p>\n<p><font color=\"#000000\"><font face=\"Times New Roman, serif\"><font size=\"2\">Producent wina Gato Vina San Pedro otrzyma\u0142 presti\u017cow\u0105 nagrod\u0119 w 2011 roku jako najlepsza winiarnia z ca\u0142ego nowego \u015bwiata &#8220;New World Winery of the Year 2011&#8221; poni\u017cej filmik na youtube.<\/font><\/font><\/font><\/p>\n<p><font color=\"#000000\"><font face=\"Times New Roman, serif\"><font size=\"2\">http:\/\/www.youtube.com\/watch?v=RlkNyIfTbcE<\/font><\/font><\/font><\/p><\/p>\n","protected":false},"featured_media":18772,"comment_status":"open","ping_status":"closed","template":"","meta":[],"product_cat":[15],"product_tag":[],"class_list":{"0":"post-40965","1":"product","2":"type-product","3":"status-publish","4":"has-post-thumbnail","6":"product_cat-inne","8":"first","9":"instock","10":"shipping-taxable","11":"purchasable","12":"product-type-simple"},"_links":{"self":[{"href":"https:\/\/hurt.wineport.pl\/index.php?rest_route=\/wp\/v2\/product\/40965","targetHints":{"allow":["GET"]}}],"collection":[{"href":"https:\/\/hurt.wineport.pl\/index.php?rest_route=\/wp\/v2\/product"}],"about":[{"href":"https:\/\/hurt.wineport.pl\/index.php?rest_route=\/wp\/v2\/types\/product"}],"replies":[{"embeddable":true,"href":"https:\/\/hurt.wineport.pl\/index.php?rest_route=%2Fwp%2Fv2%2Fcomments&post=40965"}],"wp:featuredmedia":[{"embeddable":true,"href":"https:\/\/hurt.wineport.pl\/index.php?rest_route=\/wp\/v2\/media\/18772"}],"wp:attachment":[{"href":"https:\/\/hurt.wineport.pl\/index.php?rest_route=%2Fwp%2Fv2%2Fmedia&parent=40965"}],"wp:term":[{"taxonomy":"product_cat","embeddable":true,"href":"https:\/\/hurt.wineport.pl\/index.php?rest_route=%2Fwp%2Fv2%2Fproduct_cat&post=40965"},{"taxonomy":"product_tag","embeddable":true,"href":"https:\/\/hurt.wineport.pl\/index.php?rest_route=%2Fwp%2Fv2%2Fproduct_tag&post=40965"}],"curies":[{"name":"wp","href":"https:\/\/api.w.org\/{rel}","templated":true}]}}