{"id":48070,"date":"2025-12-21T20:00:25","date_gmt":"2025-12-21T19:00:25","guid":{"rendered":"https:\/\/hurt.wineport.pl\/?product=wino-rudi-ruttger-schwarzresling-83"},"modified":"2025-12-21T20:00:25","modified_gmt":"2025-12-21T19:00:25","slug":"wino-rudi-ruttger-schwarzresling-83","status":"publish","type":"product","link":"https:\/\/hurt.wineport.pl\/?product=wino-rudi-ruttger-schwarzresling-83","title":{"rendered":"Wino RUDI RUTTGER Schwarzresling"},"content":{"rendered":"<p>Wino Rudi Ruttger Schwarzriesling to czerwone wino, kt\u00f3re jest r\u00f3wnie\u017c znane jako Pinot Meunier. Odmiana ta jest cz\u0119sto u\u017cywana do produkcji wina musuj\u0105cego, ale mo\u017ce by\u0107 r\u00f3wnie\u017c wykorzystywana do produkcji czerwonych win o charakterze lekkim i owocowym. Wino to charakteryzuje si\u0119 delikatnymi taninami, \u015bwie\u017cymi kwasami i aromatami czerwonych owoc\u00f3w, takich jak maliny i czere\u015bnie.<\/p>\n","protected":false},"excerpt":{"rendered":"<p>Wino Rudi Ruttger Schwarzriesling to czerwone wino, kt\u00f3re jest r\u00f3wnie\u017c znane jako Pinot Meunier. Odmiana ta jest cz\u0119sto u\u017cywana do produkcji wina musuj\u0105cego, ale mo\u017ce by\u0107 r\u00f3wnie\u017c wykorzystywana do produkcji czerwonych win o charakterze lekkim i owocowym. Wino to charakteryzuje si\u0119 delikatnymi taninami, \u015bwie\u017cymi kwasami i aromatami czerwonych owoc\u00f3w, takich jak maliny i czere\u015bnie.<\/p>\n","protected":false},"featured_media":19381,"comment_status":"open","ping_status":"closed","template":"","meta":[],"product_cat":[15],"product_tag":[],"class_list":{"0":"post-48070","1":"product","2":"type-product","3":"status-publish","4":"has-post-thumbnail","6":"product_cat-inne","8":"first","9":"instock","10":"sale","11":"shipping-taxable","12":"purchasable","13":"product-type-simple"},"_links":{"self":[{"href":"https:\/\/hurt.wineport.pl\/index.php?rest_route=\/wp\/v2\/product\/48070","targetHints":{"allow":["GET"]}}],"collection":[{"href":"https:\/\/hurt.wineport.pl\/index.php?rest_route=\/wp\/v2\/product"}],"about":[{"href":"https:\/\/hurt.wineport.pl\/index.php?rest_route=\/wp\/v2\/types\/product"}],"replies":[{"embeddable":true,"href":"https:\/\/hurt.wineport.pl\/index.php?rest_route=%2Fwp%2Fv2%2Fcomments&post=48070"}],"wp:featuredmedia":[{"embeddable":true,"href":"https:\/\/hurt.wineport.pl\/index.php?rest_route=\/wp\/v2\/media\/19381"}],"wp:attachment":[{"href":"https:\/\/hurt.wineport.pl\/index.php?rest_route=%2Fwp%2Fv2%2Fmedia&parent=48070"}],"wp:term":[{"taxonomy":"product_cat","embeddable":true,"href":"https:\/\/hurt.wineport.pl\/index.php?rest_route=%2Fwp%2Fv2%2Fproduct_cat&post=48070"},{"taxonomy":"product_tag","embeddable":true,"href":"https:\/\/hurt.wineport.pl\/index.php?rest_route=%2Fwp%2Fv2%2Fproduct_tag&post=48070"}],"curies":[{"name":"wp","href":"https:\/\/api.w.org\/{rel}","templated":true}]}}