{"id":50283,"date":"2026-02-08T21:55:29","date_gmt":"2026-02-08T20:55:29","guid":{"rendered":"https:\/\/hurt.wineport.pl\/?product=wino-gato-negro-cabernet-sauvignon-czerwone-wytrawne-chile-075l-89"},"modified":"2026-02-08T21:55:29","modified_gmt":"2026-02-08T20:55:29","slug":"wino-gato-negro-cabernet-sauvignon-czerwone-wytrawne-chile-075l-89","status":"publish","type":"product","link":"https:\/\/hurt.wineport.pl\/?product=wino-gato-negro-cabernet-sauvignon-czerwone-wytrawne-chile-075l-89","title":{"rendered":"Wino Gato Negro Cabernet Sauvignon &#8211; Czerwone Wytrawne Chile 0,75L"},"content":{"rendered":"<p><font color=\"#000000\"><font face=\"Times New Roman, serif\"><font size=\"2\">Gato Negro Cabernet Sauvignon &#8211; wino o g\u0142\u0119bokiej ciemnoczerwonej barwie z purpurowymi odcieniami. Charakterystyczne aromaty jag\u00f3d, a w szczeg\u00f3lno\u015bci czarnej porzeczki. Pe\u0142ne w smaku, dobrze zbudowane, z dojrza\u0142ymi mi\u0119kkimi taninami daj\u0105cymi dobr\u0105 struktur\u0119 i budow\u0119. Nale\u017cy\u00a0podawa\u0107\u00a0w\u00a0temperaturze\u00a018\u00a0C.<\/font><\/font><\/font><\/p>\n<p><font color=\"#000000\"><font face=\"Times New Roman, serif\"><font size=\"2\">Producent wina Gato Vina San Pedro otrzyma\u0142 presti\u017cow\u0105 nagrod\u0119 w 2011 roku jako najlepsza winiarnia z ca\u0142ego nowego \u015bwiata &#8220;New World Winery of the Year 2011&#8221; poni\u017cej filmik na youtube.<\/font><\/font><\/font><\/p>\n<p><font color=\"#000000\"><font face=\"Times New Roman, serif\"><font size=\"2\">http:\/\/www.youtube.com\/watch?v=RlkNyIfTbcE<\/font><\/font><\/font><\/p><\/p>\n","protected":false},"excerpt":{"rendered":"<p><font color=\"#000000\"><font face=\"Times New Roman, serif\"><font size=\"2\">Gato Negro Cabernet Sauvignon &#8211; wino o g\u0142\u0119bokiej ciemnoczerwonej barwie z purpurowymi odcieniami. Charakterystyczne aromaty jag\u00f3d, a w szczeg\u00f3lno\u015bci czarnej porzeczki. Pe\u0142ne w smaku, dobrze zbudowane, z dojrza\u0142ymi mi\u0119kkimi taninami daj\u0105cymi dobr\u0105 struktur\u0119 i budow\u0119. Nale\u017cy\u00a0podawa\u0107\u00a0w\u00a0temperaturze\u00a018\u00a0C.<\/font><\/font><\/font><\/p>\n<p><font color=\"#000000\"><font face=\"Times New Roman, serif\"><font size=\"2\">Producent wina Gato Vina San Pedro otrzyma\u0142 presti\u017cow\u0105 nagrod\u0119 w 2011 roku jako najlepsza winiarnia z ca\u0142ego nowego \u015bwiata &#8220;New World Winery of the Year 2011&#8221; poni\u017cej filmik na youtube.<\/font><\/font><\/font><\/p>\n<p><font color=\"#000000\"><font face=\"Times New Roman, serif\"><font size=\"2\">http:\/\/www.youtube.com\/watch?v=RlkNyIfTbcE<\/font><\/font><\/font><\/p><\/p>\n","protected":false},"featured_media":18775,"comment_status":"open","ping_status":"closed","template":"","meta":[],"product_cat":[15],"product_tag":[],"class_list":{"0":"post-50283","1":"product","2":"type-product","3":"status-publish","4":"has-post-thumbnail","6":"product_cat-inne","8":"first","9":"instock","10":"shipping-taxable","11":"purchasable","12":"product-type-simple"},"_links":{"self":[{"href":"https:\/\/hurt.wineport.pl\/index.php?rest_route=\/wp\/v2\/product\/50283","targetHints":{"allow":["GET"]}}],"collection":[{"href":"https:\/\/hurt.wineport.pl\/index.php?rest_route=\/wp\/v2\/product"}],"about":[{"href":"https:\/\/hurt.wineport.pl\/index.php?rest_route=\/wp\/v2\/types\/product"}],"replies":[{"embeddable":true,"href":"https:\/\/hurt.wineport.pl\/index.php?rest_route=%2Fwp%2Fv2%2Fcomments&post=50283"}],"wp:featuredmedia":[{"embeddable":true,"href":"https:\/\/hurt.wineport.pl\/index.php?rest_route=\/wp\/v2\/media\/18775"}],"wp:attachment":[{"href":"https:\/\/hurt.wineport.pl\/index.php?rest_route=%2Fwp%2Fv2%2Fmedia&parent=50283"}],"wp:term":[{"taxonomy":"product_cat","embeddable":true,"href":"https:\/\/hurt.wineport.pl\/index.php?rest_route=%2Fwp%2Fv2%2Fproduct_cat&post=50283"},{"taxonomy":"product_tag","embeddable":true,"href":"https:\/\/hurt.wineport.pl\/index.php?rest_route=%2Fwp%2Fv2%2Fproduct_tag&post=50283"}],"curies":[{"name":"wp","href":"https:\/\/api.w.org\/{rel}","templated":true}]}}