{"id":51661,"date":"2026-03-08T23:01:51","date_gmt":"2026-03-08T22:01:51","guid":{"rendered":"https:\/\/hurt.wineport.pl\/?product=wino-gato-negro-semi-sweet-red-czerwone-polslodkie-075l-93"},"modified":"2026-03-08T23:01:51","modified_gmt":"2026-03-08T22:01:51","slug":"wino-gato-negro-semi-sweet-red-czerwone-polslodkie-075l-93","status":"publish","type":"product","link":"https:\/\/hurt.wineport.pl\/?product=wino-gato-negro-semi-sweet-red-czerwone-polslodkie-075l-93","title":{"rendered":"Wino Gato Negro Semi Sweet Red &#8211; czerwone p\u00f3\u0142s\u0142odkie 0,75L"},"content":{"rendered":"<p><font color=\"#000000\"><font face=\"Times New Roman, serif\"><font size=\"2\">Gato Negro semi sweet red to przyjazne czerwone p\u00f3\u0142s\u0142odkie wino o przyjemnej, czerwonej barwie z refleksami fioletu. Odznacza si\u0119 intensywnym aromatem \u015bwie\u017cych je\u017cyn, zaokr\u0105glonymi taninami oraz d\u0142ugotrwa\u0142ym, \u0142agodnym zako\u0144czeniem.<br \/>Wino to stanowi doskona\u0142e uzupe\u0142nienie da\u0144 kuchni chi\u0144skiej, wietnamskiej, tajskiej, a w szczeg\u00f3lno\u015bci mi\u0119s ze s\u0142odkim zio\u0142owym sosem. Mo\u017cna je podawa\u0107 r\u00f3wnie\u017c z czekoladowymi deserami.<br \/>Serwowa\u0107 w temperaturze 16oC.<\/font><\/font><\/font><\/p>\n<p><font color=\"#000000\">\u00a0<font face=\"Times New Roman, serif\"><font size=\"2\">Producent wina Gato Vina San Pedro otrzyma\u0142 presti\u017cow\u0105 nagrod\u0119 w 2011 roku jako najlepsza winiarnia z ca\u0142ego nowego \u015bwiata &#8220;New World Winery of the Year 2011&#8221; poni\u017cej filmik na youtube.<\/font><\/font><\/font><\/p>\n<p><font color=\"#000000\"><font face=\"Times New Roman, serif\"><font size=\"2\">http:\/\/www.youtube.com\/watch?v=RlkNyIfTbcE<\/font><\/font><\/font><\/p><\/p>\n","protected":false},"excerpt":{"rendered":"<p><font color=\"#000000\"><font face=\"Times New Roman, serif\"><font size=\"2\">Gato Negro semi sweet red to przyjazne czerwone p\u00f3\u0142s\u0142odkie wino o przyjemnej, czerwonej barwie z refleksami fioletu. Odznacza si\u0119 intensywnym aromatem \u015bwie\u017cych je\u017cyn, zaokr\u0105glonymi taninami oraz d\u0142ugotrwa\u0142ym, \u0142agodnym zako\u0144czeniem.<br \/>Wino to stanowi doskona\u0142e uzupe\u0142nienie da\u0144 kuchni chi\u0144skiej, wietnamskiej, tajskiej, a w szczeg\u00f3lno\u015bci mi\u0119s ze s\u0142odkim zio\u0142owym sosem. Mo\u017cna je podawa\u0107 r\u00f3wnie\u017c z czekoladowymi deserami.<br \/>Serwowa\u0107 w temperaturze 16oC.<\/font><\/font><\/font><\/p>\n<p><font color=\"#000000\">\u00a0<font face=\"Times New Roman, serif\"><font size=\"2\">Producent wina Gato Vina San Pedro otrzyma\u0142 presti\u017cow\u0105 nagrod\u0119 w 2011 roku jako najlepsza winiarnia z ca\u0142ego nowego \u015bwiata &#8220;New World Winery of the Year 2011&#8221; poni\u017cej filmik na youtube.<\/font><\/font><\/font><\/p>\n<p><font color=\"#000000\"><font face=\"Times New Roman, serif\"><font size=\"2\">http:\/\/www.youtube.com\/watch?v=RlkNyIfTbcE<\/font><\/font><\/font><\/p><\/p>\n","protected":false},"featured_media":18769,"comment_status":"open","ping_status":"closed","template":"","meta":[],"product_cat":[15],"product_tag":[],"class_list":{"0":"post-51661","1":"product","2":"type-product","3":"status-publish","4":"has-post-thumbnail","6":"product_cat-inne","8":"first","9":"instock","10":"shipping-taxable","11":"purchasable","12":"product-type-simple"},"_links":{"self":[{"href":"https:\/\/hurt.wineport.pl\/index.php?rest_route=\/wp\/v2\/product\/51661","targetHints":{"allow":["GET"]}}],"collection":[{"href":"https:\/\/hurt.wineport.pl\/index.php?rest_route=\/wp\/v2\/product"}],"about":[{"href":"https:\/\/hurt.wineport.pl\/index.php?rest_route=\/wp\/v2\/types\/product"}],"replies":[{"embeddable":true,"href":"https:\/\/hurt.wineport.pl\/index.php?rest_route=%2Fwp%2Fv2%2Fcomments&post=51661"}],"wp:featuredmedia":[{"embeddable":true,"href":"https:\/\/hurt.wineport.pl\/index.php?rest_route=\/wp\/v2\/media\/18769"}],"wp:attachment":[{"href":"https:\/\/hurt.wineport.pl\/index.php?rest_route=%2Fwp%2Fv2%2Fmedia&parent=51661"}],"wp:term":[{"taxonomy":"product_cat","embeddable":true,"href":"https:\/\/hurt.wineport.pl\/index.php?rest_route=%2Fwp%2Fv2%2Fproduct_cat&post=51661"},{"taxonomy":"product_tag","embeddable":true,"href":"https:\/\/hurt.wineport.pl\/index.php?rest_route=%2Fwp%2Fv2%2Fproduct_tag&post=51661"}],"curies":[{"name":"wp","href":"https:\/\/api.w.org\/{rel}","templated":true}]}}