{"id":53160,"date":"2026-04-06T00:07:43","date_gmt":"2026-04-05T22:07:43","guid":{"rendered":"https:\/\/hurt.wineport.pl\/?product=wino-promesa-rose-d-o-c-rioja-075l-97"},"modified":"2026-04-06T00:07:43","modified_gmt":"2026-04-05T22:07:43","slug":"wino-promesa-rose-d-o-c-rioja-075l-97","status":"publish","type":"product","link":"https:\/\/hurt.wineport.pl\/?product=wino-promesa-rose-d-o-c-rioja-075l-97","title":{"rendered":"Wino Promesa Rose D.O.C. RIOJA 0,75L"},"content":{"rendered":"<p>Region: Rioja Alta i Rioja Alavesa producent posiada 2 posiad\u0142o\u015bci w tych regionach,\u00a0w\u0142a\u015bnie z region\u00f3w Rioja Alta i Rioja Alavesa\u00a0pochodz\u0105 wszystkie najlepsze wina z Rioja!<\/p>\n<p>Szczep: 100%\u00a0Tempranillo<\/p>\n<p>Zawarto\u015b\u0107 alkoholu: 12%<\/p>\n<p>Kolor:<\/p>\n<p>Jasny, klarowny, fuksja z odcieniami fioletu.<\/p>\n<p>Zapach:<\/p>\n<p>Bardzo owocowe , truskawki, maliny i czarna porzeczka z nut\u0105 cytrus\u00f3w. Bardzo z\u0142o\u017cony a zarazem atrakcyjny bukiet.<\/p>\n<p>Smak:<\/p>\n<p>\u015awie\u017ce i pe\u0142ne, jedwabi\u015bcie rozwijaj\u0105ce si\u0119 w ustach. Bardzo d\u0142ugi, \u015bwie\u017cy i owocowy finisz z przyjemnym posmakiem.<\/p>\n<p>Nale\u017cy podawa\u0107 z:<\/p>\n<p>makaronami, ry\u017cem, \u015bwietne do bia\u0142ych mi\u0119s, \u0142agodnych ser\u00f3w i ryb oraz do pikantnych potraw orientalnych i sushi.<\/p>\n","protected":false},"excerpt":{"rendered":"<p>Region: Rioja Alta i Rioja Alavesa producent posiada 2 posiad\u0142o\u015bci w tych regionach,\u00a0w\u0142a\u015bnie z region\u00f3w Rioja Alta i Rioja Alavesa\u00a0pochodz\u0105 wszystkie najlepsze wina z Rioja!<\/p>\n<p>Szczep: 100%\u00a0Tempranillo<\/p>\n<p>Zawarto\u015b\u0107 alkoholu: 12%<\/p>\n<p>Kolor:<\/p>\n<p>Jasny, klarowny, fuksja z odcieniami fioletu.<\/p>\n<p>Zapach:<\/p>\n<p>Bardzo owocowe , truskawki, maliny i czarna porzeczka z nut\u0105 cytrus\u00f3w. Bardzo z\u0142o\u017cony a zarazem atrakcyjny bukiet.<\/p>\n<p>Smak:<\/p>\n<p>\u015awie\u017ce i pe\u0142ne, jedwabi\u015bcie rozwijaj\u0105ce si\u0119 w ustach. Bardzo d\u0142ugi, \u015bwie\u017cy i owocowy finisz z przyjemnym posmakiem.<\/p>\n<p>Nale\u017cy podawa\u0107 z:<\/p>\n<p>makaronami, ry\u017cem, \u015bwietne do bia\u0142ych mi\u0119s, \u0142agodnych ser\u00f3w i ryb oraz do pikantnych potraw orientalnych i sushi.<\/p>\n","protected":false},"featured_media":19126,"comment_status":"open","ping_status":"closed","template":"","meta":[],"product_cat":[15],"product_tag":[],"class_list":{"0":"post-53160","1":"product","2":"type-product","3":"status-publish","4":"has-post-thumbnail","6":"product_cat-inne","8":"first","9":"instock","10":"sale","11":"shipping-taxable","12":"purchasable","13":"product-type-simple"},"_links":{"self":[{"href":"https:\/\/hurt.wineport.pl\/index.php?rest_route=\/wp\/v2\/product\/53160","targetHints":{"allow":["GET"]}}],"collection":[{"href":"https:\/\/hurt.wineport.pl\/index.php?rest_route=\/wp\/v2\/product"}],"about":[{"href":"https:\/\/hurt.wineport.pl\/index.php?rest_route=\/wp\/v2\/types\/product"}],"replies":[{"embeddable":true,"href":"https:\/\/hurt.wineport.pl\/index.php?rest_route=%2Fwp%2Fv2%2Fcomments&post=53160"}],"wp:featuredmedia":[{"embeddable":true,"href":"https:\/\/hurt.wineport.pl\/index.php?rest_route=\/wp\/v2\/media\/19126"}],"wp:attachment":[{"href":"https:\/\/hurt.wineport.pl\/index.php?rest_route=%2Fwp%2Fv2%2Fmedia&parent=53160"}],"wp:term":[{"taxonomy":"product_cat","embeddable":true,"href":"https:\/\/hurt.wineport.pl\/index.php?rest_route=%2Fwp%2Fv2%2Fproduct_cat&post=53160"},{"taxonomy":"product_tag","embeddable":true,"href":"https:\/\/hurt.wineport.pl\/index.php?rest_route=%2Fwp%2Fv2%2Fproduct_tag&post=53160"}],"curies":[{"name":"wp","href":"https:\/\/api.w.org\/{rel}","templated":true}]}}