{"id":53292,"date":"2026-04-13T00:18:34","date_gmt":"2026-04-12T22:18:34","guid":{"rendered":"https:\/\/hurt.wineport.pl\/?product=wino-tres-toros-czerwone-polslodkie-075l-98"},"modified":"2026-04-13T00:18:34","modified_gmt":"2026-04-12T22:18:34","slug":"wino-tres-toros-czerwone-polslodkie-075l-98","status":"publish","type":"product","link":"https:\/\/hurt.wineport.pl\/?product=wino-tres-toros-czerwone-polslodkie-075l-98","title":{"rendered":"Wino Tres Toros czerwone p\u00f3\u0142s\u0142odkie 0,75L"},"content":{"rendered":"<p><font face=\"Times New Roman, serif\"><font size=\"2\"><font color=\"#000000\">Tres Toros to hiszpa\u0144skie czerwone wino, zachwycaj\u0105ce swoj\u0105 pi\u0119kn\u0105, rubinow\u0105 barw\u0105. Dzi\u0119ki dojrzewaniu w pe\u0142nym s\u0142o\u0144cu hiszpa\u0144skich winnic, owoce wytwarzaj\u0105 naturalne pektyny, co skutkuje subteln\u0105 s\u0142odycz\u0105 wina. Jest lekkie i orze\u017awiaj\u0105ce ze\u00a0\u015bwie\u017cym owocowym bukietem. Jest to wino o\u00a0ognistym temperamencie. Owocowe akcenty przeplataj\u0105 si\u0119 wzajemnie przy ka\u017cdym \u0142yku. Wino doskonale nadaje si\u0119 jako aperitif. Nale\u017cy serwowa\u0107 w temperaturze 14-16 stopni Celsjusza. Zawarto\u015b\u0107 alkoholu: 11%<\/font> <\/font><\/font><\/p>\n","protected":false},"excerpt":{"rendered":"<p><font face=\"Times New Roman, serif\"><font size=\"2\"><font color=\"#000000\">Tres Toros to hiszpa\u0144skie czerwone wino, zachwycaj\u0105ce swoj\u0105 pi\u0119kn\u0105, rubinow\u0105 barw\u0105. Dzi\u0119ki dojrzewaniu w pe\u0142nym s\u0142o\u0144cu hiszpa\u0144skich winnic, owoce wytwarzaj\u0105 naturalne pektyny, co skutkuje subteln\u0105 s\u0142odycz\u0105 wina. Jest lekkie i orze\u017awiaj\u0105ce ze\u00a0\u015bwie\u017cym owocowym bukietem. Jest to wino o\u00a0ognistym temperamencie. Owocowe akcenty przeplataj\u0105 si\u0119 wzajemnie przy ka\u017cdym \u0142yku. Wino doskonale nadaje si\u0119 jako aperitif. Nale\u017cy serwowa\u0107 w temperaturze 14-16 stopni Celsjusza. Zawarto\u015b\u0107 alkoholu: 11%<\/font> <\/font><\/font><\/p>\n","protected":false},"featured_media":18489,"comment_status":"open","ping_status":"closed","template":"","meta":[],"product_cat":[15],"product_tag":[],"class_list":{"0":"post-53292","1":"product","2":"type-product","3":"status-publish","4":"has-post-thumbnail","6":"product_cat-inne","8":"first","9":"instock","10":"shipping-taxable","11":"purchasable","12":"product-type-simple"},"_links":{"self":[{"href":"https:\/\/hurt.wineport.pl\/index.php?rest_route=\/wp\/v2\/product\/53292","targetHints":{"allow":["GET"]}}],"collection":[{"href":"https:\/\/hurt.wineport.pl\/index.php?rest_route=\/wp\/v2\/product"}],"about":[{"href":"https:\/\/hurt.wineport.pl\/index.php?rest_route=\/wp\/v2\/types\/product"}],"replies":[{"embeddable":true,"href":"https:\/\/hurt.wineport.pl\/index.php?rest_route=%2Fwp%2Fv2%2Fcomments&post=53292"}],"wp:featuredmedia":[{"embeddable":true,"href":"https:\/\/hurt.wineport.pl\/index.php?rest_route=\/wp\/v2\/media\/18489"}],"wp:attachment":[{"href":"https:\/\/hurt.wineport.pl\/index.php?rest_route=%2Fwp%2Fv2%2Fmedia&parent=53292"}],"wp:term":[{"taxonomy":"product_cat","embeddable":true,"href":"https:\/\/hurt.wineport.pl\/index.php?rest_route=%2Fwp%2Fv2%2Fproduct_cat&post=53292"},{"taxonomy":"product_tag","embeddable":true,"href":"https:\/\/hurt.wineport.pl\/index.php?rest_route=%2Fwp%2Fv2%2Fproduct_tag&post=53292"}],"curies":[{"name":"wp","href":"https:\/\/api.w.org\/{rel}","templated":true}]}}