{"id":54622,"date":"2026-05-04T01:26:40","date_gmt":"2026-05-03T23:26:40","guid":{"rendered":"https:\/\/hurt.wineport.pl\/?product=wino-rudi-ruttger-riesling-feinherb-1l-102"},"modified":"2026-05-04T01:26:40","modified_gmt":"2026-05-03T23:26:40","slug":"wino-rudi-ruttger-riesling-feinherb-1l-102","status":"publish","type":"product","link":"https:\/\/hurt.wineport.pl\/?product=wino-rudi-ruttger-riesling-feinherb-1l-102","title":{"rendered":"Wino Rudi Ruttger Riesling Feinherb 1L"},"content":{"rendered":"<p>Wino Rudi R\u00fcttger Riesling Qualit\u00e4tswein Feinherb 1L to wino bia\u0142e o klasie jako\u015bci Qualit\u00e4tswein (wino wysokiej jako\u015bci) z regionu Niemiec.\u00a0Rudi R\u00fcttger Riesling to wino produkowane z odmiany Riesling, kt\u00f3ra jest jedn\u0105 z najbardziej cenionych odmian winoro\u015bli w Niemczech. Riesling jest znany z wyrazistego charakteru, wyj\u0105tkowych aromat\u00f3w i \u017cywej kwasowo\u015bci.\u00a0Feinherb to niemiecki termin oznaczaj\u0105cy wino p\u00f3\u0142wytrawne lub lekko s\u0142odkie. Wino Rudi R\u00fcttger Riesling ma delikatnie s\u0142odkawy smak, kt\u00f3ry jest doskonale zbalansowany przez owocow\u0105 kwasowo\u015b\u0107 charakterystyczn\u0105 dla odmiany Riesling.To wino charakteryzuje si\u0119 intensywnymi aromatami owocowymi, w tym cytrusami, zielonym jab\u0142kiem, brzoskwini\u0105 i morelami. Te aromaty s\u0105 typowe dla odmiany Riesling i dodaj\u0105 winu \u015bwie\u017co\u015bci i lekko\u015bci.<\/p>\n","protected":false},"excerpt":{"rendered":"<p>Wino Rudi R\u00fcttger Riesling Qualit\u00e4tswein Feinherb 1L to wino bia\u0142e o klasie jako\u015bci Qualit\u00e4tswein (wino wysokiej jako\u015bci) z regionu Niemiec.\u00a0Rudi R\u00fcttger Riesling to wino produkowane z odmiany Riesling, kt\u00f3ra jest jedn\u0105 z najbardziej cenionych odmian winoro\u015bli w Niemczech. Riesling jest znany z wyrazistego charakteru, wyj\u0105tkowych aromat\u00f3w i \u017cywej kwasowo\u015bci.\u00a0Feinherb to niemiecki termin oznaczaj\u0105cy wino p\u00f3\u0142wytrawne lub lekko s\u0142odkie. Wino Rudi R\u00fcttger Riesling ma delikatnie s\u0142odkawy smak, kt\u00f3ry jest doskonale zbalansowany przez owocow\u0105 kwasowo\u015b\u0107 charakterystyczn\u0105 dla odmiany Riesling.To wino charakteryzuje si\u0119 intensywnymi aromatami owocowymi, w tym cytrusami, zielonym jab\u0142kiem, brzoskwini\u0105 i morelami. Te aromaty s\u0105 typowe dla odmiany Riesling i dodaj\u0105 winu \u015bwie\u017co\u015bci i lekko\u015bci.<\/p>\n","protected":false},"featured_media":19372,"comment_status":"open","ping_status":"closed","template":"","meta":[],"product_cat":[323],"product_tag":[],"class_list":{"0":"post-54622","1":"product","2":"type-product","3":"status-publish","4":"has-post-thumbnail","6":"product_cat-rudi-ruttger","8":"first","9":"instock","10":"sale","11":"shipping-taxable","12":"purchasable","13":"product-type-simple"},"_links":{"self":[{"href":"https:\/\/hurt.wineport.pl\/index.php?rest_route=\/wp\/v2\/product\/54622","targetHints":{"allow":["GET"]}}],"collection":[{"href":"https:\/\/hurt.wineport.pl\/index.php?rest_route=\/wp\/v2\/product"}],"about":[{"href":"https:\/\/hurt.wineport.pl\/index.php?rest_route=\/wp\/v2\/types\/product"}],"replies":[{"embeddable":true,"href":"https:\/\/hurt.wineport.pl\/index.php?rest_route=%2Fwp%2Fv2%2Fcomments&post=54622"}],"wp:featuredmedia":[{"embeddable":true,"href":"https:\/\/hurt.wineport.pl\/index.php?rest_route=\/wp\/v2\/media\/19372"}],"wp:attachment":[{"href":"https:\/\/hurt.wineport.pl\/index.php?rest_route=%2Fwp%2Fv2%2Fmedia&parent=54622"}],"wp:term":[{"taxonomy":"product_cat","embeddable":true,"href":"https:\/\/hurt.wineport.pl\/index.php?rest_route=%2Fwp%2Fv2%2Fproduct_cat&post=54622"},{"taxonomy":"product_tag","embeddable":true,"href":"https:\/\/hurt.wineport.pl\/index.php?rest_route=%2Fwp%2Fv2%2Fproduct_tag&post=54622"}],"curies":[{"name":"wp","href":"https:\/\/api.w.org\/{rel}","templated":true}]}}